{"id":278,"date":"2025-09-29T10:42:23","date_gmt":"2025-09-29T07:42:23","guid":{"rendered":"https:\/\/www.mankonkoop.com\/?page_id=278"},"modified":"2025-09-29T10:42:24","modified_gmt":"2025-09-29T07:42:24","slug":"misyonumuz","status":"publish","type":"page","link":"https:\/\/www.mankonkoop.com\/?page_id=278","title":{"rendered":"M\u0130SYONUMUZ"},"content":{"rendered":"\n<p><strong>S.S. Manisa Konteyner Karayolu Y\u00fck Ta\u015f\u0131ma Kooperatifi olarak;<\/strong><\/p>\n\n\n\n<ul class=\"wp-block-list\">\n<li><strong>\u00dcyelerimizin ortak menfaatlerini koruyarak,<\/strong><\/li>\n\n\n\n<li><strong>M\u00fc\u015fterilerimize g\u00fcvenli, h\u0131zl\u0131 ve ekonomik ta\u015f\u0131mac\u0131l\u0131k hizmeti sunarak,<\/strong><\/li>\n\n\n\n<li><strong>Ulusal ve uluslararas\u0131 lojistik standartlar\u0131na uygun, \u00e7evreye duyarl\u0131 ve s\u00fcrd\u00fcr\u00fclebilir \u00e7\u00f6z\u00fcmler \u00fcreterek, b\u00f6lgesel ve sekt\u00f6rel kalk\u0131nmaya katk\u0131 sa\u011flamak.<\/strong><\/li>\n<\/ul>\n","protected":false},"excerpt":{"rendered":"<p>S.S. Manisa Konteyner Karayolu Y\u00fck Ta\u015f\u0131ma Kooperatifi olarak;<\/p>\n","protected":false},"author":1,"featured_media":0,"parent":0,"menu_order":0,"comment_status":"closed","ping_status":"closed","template":"","meta":{"footnotes":""},"class_list":["post-278","page","type-page","status-publish","hentry"],"_links":{"self":[{"href":"https:\/\/www.mankonkoop.com\/index.php?rest_route=\/wp\/v2\/pages\/278","targetHints":{"allow":["GET"]}}],"collection":[{"href":"https:\/\/www.mankonkoop.com\/index.php?rest_route=\/wp\/v2\/pages"}],"about":[{"href":"https:\/\/www.mankonkoop.com\/index.php?rest_route=\/wp\/v2\/types\/page"}],"author":[{"embeddable":true,"href":"https:\/\/www.mankonkoop.com\/index.php?rest_route=\/wp\/v2\/users\/1"}],"replies":[{"embeddable":true,"href":"https:\/\/www.mankonkoop.com\/index.php?rest_route=%2Fwp%2Fv2%2Fcomments&post=278"}],"version-history":[{"count":1,"href":"https:\/\/www.mankonkoop.com\/index.php?rest_route=\/wp\/v2\/pages\/278\/revisions"}],"predecessor-version":[{"id":279,"href":"https:\/\/www.mankonkoop.com\/index.php?rest_route=\/wp\/v2\/pages\/278\/revisions\/279"}],"wp:attachment":[{"href":"https:\/\/www.mankonkoop.com\/index.php?rest_route=%2Fwp%2Fv2%2Fmedia&parent=278"}],"curies":[{"name":"wp","href":"https:\/\/api.w.org\/{rel}","templated":true}]}}